4
54 + (-2 - 54) + (-8 - (-9 - -102))
-103
Evaluate 6 - ((7 - 8) + 8) - (21 + 32).
-54
Calculate -153 - -130 - (10 - -2) - -16.
-19
Evaluate -146 - -1 - (-61 - -32 - (10 - 15)).
-121
Calculate 217 + -189 + -6 + -2.
20
What is the value of -30 - (13 + -9 + (-5 - -7) + -19)?
-17
Evaluate -157 + 34 + 9 + -1 - -26.
-89
Evaluate 1 + (1 - -3) + -251 + 314.
68
Calculate ((2 - (-3 - -2)) + -14 - -23) + -22 - 30.
-40
What is (9 - (-36 + 2 + 1 + 20 + -27)) + 7?
56
-13 + (78 - (-16 - (-4 + -4))) - 7
66
What is the value of -24 - (67 - 12 - 33)?
-46
What is 6 + -5 + (10 + 80 - 15 - -13)?
89
(48 - (34 - 10)) + 17
41
-14 + (78 - 78) + (55 - 2)
39
Evaluate -7 - (-9 - (5 - (6 + -14) - 35)).
-20
9 + -3 + -22 + (5 - (-54 + 31))
12
What is (6 - (6 + -2) - (-44 - -9)) + (-9 - 0)?
28
What is the value of 0 + 25 + (254 - 259) - 20 - (0 - 5)?
5
Evaluate -197 + 188 - (-2 + (2 - (10 - 1))).
0
Evaluate (2 - 1) + 15 + -1 + (-237 - -224) + 30.
32
What is (32 - -3) + (-30 + (13 - -28) - 13)?
33
What is -91 + 9 + (255 - 196)?
-23
Calculate (-31 - -36 - 32) + 2 - (8 - -1).
-34
Evaluate (-2 - (-35 - 3)) + (-59 - 74 - -145).
48
Evaluate -39 + -50 + 72 + (78 - 1) + (-1 - -1).
60
-17 + (-14 - (14 + -4 + 0))
-41
Evaluate (59 - 40) + -5 + 7 + 31.
52
Calculate (3 - (-3 - (-15 + 9))) + 2 + -6.
-4
Evaluate 6 + 101 - (2 + (13 - (2 + 4) - -2)).
96
Calculate 10 + (-5 - -1) + (-20 - -21 - 101 - -17).
-77
What is (-5 - ((-25 - -33) + -11)) + (0 - -13)?
11
Evaluate 0 - (1 + -51) - (1779 + -1769).
40
-18 - -17 - (-5 + 7 + (-3 - (-3 + -15)))
-18
What is 2 + 1 + -2 + 48 + (-115 - -75) + -6?
3
What is the value of -127 + 143 + -109 + 89?
-4
What is (2 - -81) + -8 - (470 + -474)?
79
Evaluate (1238 - 1127) + 0 + -127.
-16
What is 9 + -20 + -3 + 1 + (-38 - -18) + 8?
-25
What is the value of (37 - ((38 - 12) + -2)) + -3?
10
What is the value of (7 - 52) + 59 + -17 + -30?
-33
What is the value of 0 - (-6 + -7 + 4 - 6) - 18?
-3
Calculate -1020 + 973 + (26 - 0).
-21
What is the value of (175 - 165 - (27 - -1)) + (41 - -11)?
34
Evaluate 8 + 0 - (12 + -6 + -11) - (25 - -1).
-13
-33 + (-36 - (-36 - 22))
-11
Calculate 0 - -21 - (33 - 31 - 5 - 4).
28
17 - (-19 - -33) - (11 + -3) - 79
-84
Evaluate (-7 - (11 + -15)) + -24 + 23 + 21.
17
What is the value of -141 - -128 - (3 - (11 + -3) - -3)?
-11
What is -9 - 0 - (-5546 + 5587)?
-50
Calculate 36 - 1 - (-90 - (-60 + -105)).
-40
What is the value of -23 + 9 + 15 + 57 + (26 - 6)?
78
Calculate 104 + (114 - 369) + 92.
-59
69 - (114 + -3 - 122)
80
What is the value of 56 + -38 + (4 - 24)?
-2
Evaluate -177 + -66 + 31 + 32 + 44.
-136
Calculate 148 + (10 + -74 - 13).
71
(14 - 12 - (-3 + -9 + 11)) + 35
38
What is (-15 - (20 - -4)) + (6 + -8 - 7)?
-48
Calculate 3 - 39 - (-1898 + 1847).
15
What is the value of (7 + 2 + -4 - -78) + (-580 - -561)?
64
What is the value of (-24 - -19 - -30) + -74 + -6 + 13?
-42
Calculate 8 + (7 - (-12 + 9 + 86)) + 9 - -4.
-55
What is (-606 - -660) + (-3 + 6 - 5)?
52
Evaluate -16 + -1 + (50 - -81) + 27.
141
Evaluate (-1 - 9) + (10 - (44 - (21 - 10))).
-33
Calculate 59 - (2 + -122 + 89).
90
What is the value of -75 - -49 - (9 - (-3 - -8 - 0))?
-30
Calculate 0 + -1 - (13 + 31 + -16 + -19).
-10
-223 - -153 - (-5 - 44)
-21
(-22 - -34) + -53 + (-5 - 3)
-49
Evaluate (-11 - -25) + 46 + -55 - 23.
-18
What is the value of -10 - ((-36 - -83) + -19 + 32)?
-70
Evaluate -21 + -14 + -6 - (-7 + -8 + 2).
-28
What is the value of -15 + (-5 - -7) - (-7 + -9 + 4 + 120)?
-121
What is (-9 - 0 - (-1 + 7 + -27 + 21)) + -38?
-47
Calculate -18 + 0 - (17131 - 17225).
76
What is (16 + -3 - (-72 - -123)) + 49?
11
What is the value of 2 + 23 + (-277 - -273)?
21
Calculate 21 + (-1 - (40 - -1)) + (850 - 846).
-17
What is (1 - -1) + 5 - (39 - (44 - 45))?
-33
(-97 - (-85 - 51)) + -117
-78
What is (12 - -34) + (56 - 16)?
86
389 - 390 - (0 - (0 + -2))
-3
Calculate (375 - 385) + -6 + 0 + 63.
47
What is 6 + (1 - 37 - (-175 - -34))?
111
-10 + 59 - (-2 + (22 + 9 - 16))
36
Calculate -2 + 14 + (126 - 138).
0
-680 - -590 - (28 - 1) - (-11 - -1)
-107
Evaluate (-28 - (10 - 32) - (4 + 6)) + 18.
2
What is the value of 2 - (13 + 1) - 25 - (10 + -10)?
-37
What is the value of -44 + -1 + -13 + (-52 - -65)?
-45
What is the value of (-25 - (87 + -92)) + (-1 - (-16 + 1))?
-6
Evaluate -5 - ((35 + -42 - -21) + 32).
-51
Evaluate (-59 - (32 + -72)) + -5 + -17.
-41
Evaluate 13 - (89 - 12 - 23 - (0 + 13)).
-28
What is the value of 14 + (-6 - -25) - 0 - 13 - 22?
-2
Calculate (-2 + -2 - -2) + -59 + (-110 - -89).
-82
What is -22 - 53 - (-112 + 107)?
-70
469 + -438 + (63 - 1) - 15
78
60 - (-16 + -20 + 6 + 48)
42
Calculate (-220 - -15) + 101 + 91.
-13
76 - (100 + -86 + (-1 - -8))
55
Calculate 22 - (28 + -44 + 50).
-12
What is (-117 - (-34 - 16)) + 29?
-38
Calculate -77 + (91 - 34) - (4 - 1 - 6).
-17
What is 3 + (-2 - (3 + 5)) + 868 + -856?
5
Calculate -75 + (-2 - (61 + -93)).
-45
Evaluate -2 + (39 - 53 - 1).
-17
70 - (78 + -48) - 21
19
What is 19 - (-34 + (-17 - (-9 - 19)) - 5)?
47
What is the value of -2 + 11 + -4 - (10 - (25 - 14))?
6
Calculate -36 - (-151 + 60 - 23).
78
What is (-8 - -7) + (-1 - 7 - -14) + 9?
14
What is 106 + (75 - 131) - -22?
72
What is -3 + 19 - 23 - 1 - (-53 + 0)?
45
Evaluate 2 + -21 + (6 - -1 - (-160 - -179)).
-31
What is the value of (-1 + 19 + (-19 - -13) - 33) + -7?
-28
What is (-127 - (149 + -150 + -25 + 2)) + -19?
-122
What is the value of (12 - (-14 + 6)) + (-17 - 4)?
-1
Evaluate (72 - 101 - (1 - -7)) + -1 + 6 + -14.
-46
What is the value of -124 + 21 + -6 - (24 - (-30 - -62))?
-101
Evaluate 37 + -7 - 36 - -4 - (-21 + 4 + -2).
17
What is 22 - (-6 + 9) - (47 - 105)?
77
Calculate 6 - -11 - 125 - -35.
-73
What is the value of 66 + -62 + 56 + -63?
-3
Calculate (-40464 - -40475) + (0 - (-1 - -2) - 43).
-33
Evaluate -10 + 4 - (5 + 0 - (-55 + 67)).
1
-4 - ((-14 + (8 - -6) - -7) + 35)
-46
11 + (123 - -10) + -1 + (26 - 50)
119
Evaluate -3817 - -3805 - (-5 + (2 - (0 - 0)) + -3).
-6
What is -199 - (136 + -329 + 82)?
-88
What is the value of (-1 - -44 - -16) + -31 + 38 + 0 + -20?
46
Evaluate -13 + (-69 - -74) + 1 + -10 + 4.
-13
203 - 164 - (-1 + 0 - 0)
40
Calculate (-21 - -26 - 21) + (8 - -1) - -13.
6
(117 - 81) + -3 + 26 - 4
55
-142 + ((-70 - -59) + -5 + 28 - 2)
-132
Calculate 180 - (-126 + 21 + 178).
107
-73 + -11 + 106 + (-60 - 1)
-39
Calculate -186 + (-108 - -301) - (-15 + 2).
20
Calculate 77 - (88 + -37) - (-2 + 24) - (1 + 38).
-35
Calculate 0 - -10 - (-6 + 1 - -11) - -43.
47
What is -45 - 20 - (-5 + -23 + 27 - (3 + -17))?
-78
Evaluate -34 - (787 - 783 - (-1 - -9 - (1 + 2))).
-33
What is the value of -4 + (-24 - (-12 + -16)) - -47?
47
What is the value of -664 + 662 + (0 - 14) + (53 - -1)?
38
What is (-12 - (-93 - -20)) + (-7 - 2) + -9?
43
-91 + -10 - (202 - 252)
-51
What is 36 + (-7 - 59) + 1 + 14?
-15
(18 - ((60 - 9) + 0)) + 15
-18
What is the value of -38 - (-53 - -31) - -58?
42
Evaluate -31 + (9 - -27) + (-21 - (-6 - -1)).
-11
-9 - (-27 + 8 + 2 - -9) - 20
-21
Calculate (82 - (-7 - -84)) + -6 + 0 + (15 - -1).
15
Calculate 168 - (9 - (10 - 96)).
73
Calculate (10 - -4) + -5 - 4 - 5 - (21 + 21).
-42
What is the value of (-111 - -36 - -24) + 17?
-34
Calculate -15 + 13 + (-19 + -9 - -1).
-29
Calculate -13 + -73 + 41 - -60.
15
What is the value of -729 - -717 - (0 + 0 + 16)?
-28
Evaluate -48 - (-52 + -13 + 69).
-52
Calculate -19 - (2 - (-27 + 18 + 13)).
-17
What is 56 + -37 + 1 + 16 - 2?
34
What is the value of 31 + (-80 - (-24 - (8 + -15)))?
-32
What is 46 - (-9 - (-2 + -3) - (48 + -44))?
54
Calculate -62 - ((39 - 42 - (-14 + 14)) + (0 - 7)).
-52
Evaluate -2 + -4 + -45 - (18 + -3 - (17 + -3)).
-52
What is -22 - (-36 + 5 - (8 + (-22 - 1)))?
-6
What is the value of -1 - -9 - (57 + -43) - (0 - (-1 - -32))?
25
-4 + 0 + -2 + (-2 - -10) - -6
8
Evaluate -86 + 52 + 14 + 93.
73
What is the value of 89 - (73 - 61) - 35?
42
-1 + 7 + -19 + 6 + -50 + (-5 - -10)
-52
What is the value of 6152 + -6119 + -54 + 3?
-18
What is -28 - (-75 + 60 + -34)?
21
1 + 10 + 117 + -109 + -69
-50
What is the value of 32 + -11 - (20 + -1) - 4 - 127?
-129
Evaluate (1 - 20) + 69 + -62 + 1 + 5.
-6
-172 + 115 + (-2 - (3 - 3 - 7))
-52
Evaluate 145 + -72 + -79 - (2 - -1).
-9
-1554 + 1538 + (62 - -2)
48
-13 + (-36 - -61) - 4
8
Calculate (-4 - -20 - (29 + 9 + -11)) + 5 + 2.
-4
What is the value of -8 + 13 + 3 + (-18 +